27964?
2, 139, 1669
What are the prime factors of 7713235?
5, 401, 3847
List the prime factors of 52301.
52301
What are the prime factors of 882560?
2, 5, 7, 197
List the prime factors of 6352648.
2, 43, 59, 313
What are the prime factors of 4918316?
2, 13, 94583
What are the prime factors of 1099161?
3, 7, 73, 239
What are the prime factors of 208933?
208933
List the prime factors of 755185.
5, 73, 2069
What are the prime factors of 393679?
11, 13, 2753
List the prime factors of 12031770.
2, 3, 5, 389, 1031
List the prime factors of 666395.
5, 133279
List the prime factors of 1662938.
2, 127, 6547
What are the prime factors of 13978104?
2, 3, 7, 83203
List the prime factors of 1561402.
2, 307, 2543
What are the prime factors of 3650324?
2, 912581
List the prime factors of 1315600.
2, 5, 11, 13, 23
List the prime factors of 69509.
11, 71, 89
What are the prime factors of 2452744?
2, 7, 6257
List the prime factors of 1030727.
17, 60631
What are the prime factors of 260151?
3, 17, 5101
List the prime factors of 789835.
5, 47, 3361
What are the prime factors of 187838?
2, 7, 13417
What are the prime factors of 73796?
2, 19, 971
What are the prime factors of 1185776?
2, 37, 2003
List the prime factors of 460391.
23, 37, 541
List the prime factors of 1283206.
2, 43, 347
What are the prime factors of 57685?
5, 83, 139
List the prime factors of 8501501.
47, 180883
What are the prime factors of 7242939?
3, 11, 739
What are the prime factors of 12011158?
2, 6005579
List the prime factors of 32774.
2, 7, 2341
What are the prime factors of 267556?
2, 66889
List the prime factors of 25805508.
2, 3, 79, 163, 167
What are the prime factors of 814797?
3, 90533
List the prime factors of 111083.
7, 2267
List the prime factors of 9557505.
3, 5, 163, 1303
What are the prime factors of 9336288?
2, 3, 13, 7481
What are the prime factors of 94153?
94153
List the prime factors of 2442659.
19, 59, 2179
What are the prime factors of 65295?
3, 5, 1451
List the prime factors of 7290948.
2, 3, 7, 29, 41, 73
List the prime factors of 360325.
5, 7, 29, 71
What are the prime factors of 511929?
3, 11, 5171
What are the prime factors of 151586?
2, 75793
What are the prime factors of 322831?
449, 719
What are the prime factors of 5315661?
3, 13, 45433
What are the prime factors of 2582223?
3, 7, 122963
List the prime factors of 269906.
2, 7, 13, 1483
What are the prime factors of 211323?
3, 7, 29, 347
What are the prime factors of 191853?
3, 21317
What are the prime factors of 1988977?
19, 104683
List the prime factors of 615990.
2, 3, 5, 20533
What are the prime factors of 1537025?
5, 7, 8783
What are the prime factors of 210172?
2, 52543
What are the prime factors of 329063?
7, 29, 1621
What are the prime factors of 11798838?
2, 3, 151, 1447
What are the prime factors of 1517039?
1517039
List the prime factors of 13184179.
1033, 12763
What are the prime factors of 11706313?
31, 377623
List the prime factors of 9127149.
3, 757, 4019
List the prime factors of 336241.
41, 59, 139
What are the prime factors of 2757061?
2757061
List the prime factors of 147198.
2, 3, 24533
List the prime factors of 1584535.
5, 316907
List the prime factors of 152964.
2, 3, 7, 607
What are the prime factors of 157039?
53, 2963
List the prime factors of 4802188.
2, 269, 4463
What are the prime factors of 2259560?
2, 5, 56489
List the prime factors of 663847.
701, 947
List the prime factors of 1197514.
2, 17, 35221
What are the prime factors of 42061?
42061
What are the prime factors of 37261332?
2, 3, 53, 59, 331
What are the prime factors of 1540888?
2, 192611
What are the prime factors of 1457344?
2, 7, 3253
What are the prime factors of 33277?
107, 311
What are the prime factors of 15807208?
2, 1975901
List the prime factors of 479253.
3, 107, 1493
What are the prime factors of 7978672?
2, 13, 89, 431
What are the prime factors of 4396974?
2, 3, 732829
What are the prime factors of 278229?
3, 7, 13249
What are the prime factors of 1187205?
3, 5, 79147
What are the prime factors of 185218?
2, 11, 8419
List the prime factors of 35392.
2, 7, 79
What are the prime factors of 1587348?
2, 3, 7, 6299
What are the prime factors of 23396580?
2, 3, 5, 37, 1171
What are the prime factors of 775930?
2, 5, 31, 2503
What are the prime factors of 73055?
5, 19, 769
What are the prime factors of 1301674?
2, 11, 59167
What are the prime factors of 221972?
2, 211, 263
What are the prime factors of 12647348?
2, 7, 451691
List the prime factors of 1322438.
2, 13, 19, 2677
List the prime factors of 2453292.
2, 3, 68147
What are the prime factors of 134510?
2, 5, 13451
List the prime factors of 5451943.
7, 23, 33863
List the prime factors of 149172.
2, 3, 31, 401
What are the prime factors of 1035230?
2, 5, 7, 23, 643
List the prime factors of 902852.
2, 131, 1723
What are the prime factors of 1592720?
2, 5, 43, 463
List the prime factors of 3328873.
31, 73, 1471
List the prime factors of 1638422.
2, 101, 8111
List the prime factors of 1698896.
2, 106181
List the prime factors of 884755.
5, 176951
List the prime factors of 985360.
2, 5, 109, 113
What are the prime factors of 4885071?
3, 19, 85703
What are the prime factors of 1556651?
19, 81929
List the prime factors of 7834.
2, 3917
List the prime factors of 25660544.
2, 7, 13, 2203
What are the prime factors of 21636417?
3, 11, 655649
List the prime factors of 4537971.
3, 131, 1283
What are the prime factors of 2716982?
2, 1358491
List the prime factors of 2658899.
2658899
List the prime factors of 59140.
2, 5, 2957
List the prime factors of 2915878.
2, 7, 208277
List the prime factors of 13563364.
2, 479, 7079
What are the prime factors of 107902?
2, 53951
What are the prime factors of 2251225?
5, 17, 5297
What are the prime factors of 624751?
59, 10589
What are the prime factors of 1929337?
41, 47057
What are the prime factors of 258447?
3, 7, 31, 397
List the prime factors of 28822103.
28822103
What are the prime factors of 4014778?
2, 2007389
What are the prime factors of 4283258?
2, 7, 305947
List the prime factors of 2215099.
2215099
What are the prime factors of 1356079?
1356079
What are the prime factors of 62389?
89, 701
What are the prime factors of 71636?
2, 17909
What are the prime factors of 31407918?
2, 3, 5234653
What are the prime factors of 280608?
2, 3, 37, 79
What are the prime factors of 430239?
3, 143413
What are the prime factors of 170496?
2, 3, 37
List the prime factors of 4081311.
3, 13, 34883
List the prime factors of 2580600.
2, 3, 5, 11, 17, 23
List the prime factors of 11844726.
2, 3, 1974121
What are the prime factors of 1592789?
11, 19, 7621
What are the prime factors of 225877?
107, 2111
What are the prime factors of 10297335?
3, 5, 19, 36131
List the prime factors of 362524.
2, 90631
What are the prime factors of 445304?
2, 55663
List the prime factors of 499301.
11, 19, 2389
What are the prime factors of 69502?
2, 19, 31, 59
What are the prime factors of 496267?
257, 1931
What are the prime factors of 200099?
401, 499
What are the prime factors of 1447474?
2, 7, 103391
What are the prime factors of 15947761?
15947761
List the prime factors of 63788.
2, 37, 431
List the prime factors of 846000.
2, 3, 5, 47
What are the prime factors of 502375?
5, 4019
What are the prime factors of 1518751?
13, 116827
What are the prime factors of 573864?
2, 3, 23911
What are the prime factors of 238746?
2, 3, 39791
List the prime factors of 129044.
2, 32261
What are the prime factors of 8515036?
2, 1277, 1667
What are the prime factors of 385872?
2, 3, 8039
List the prime factors of 24775389.
3, 263, 1163
List the prime factors of 290372.
2, 229, 317
What are the prime factors of 19476?
2, 3, 541
What are the prime factors of 4142383?
7, 151, 3919
List the prime factors of 44671.
11, 31, 131
List the prime factors of 29812491.
3, 37, 89527
What are the prime factors of 102221?
7, 17, 859
What are the prime factors of 312990?
2, 3, 5, 10433
List the prime factors of 989498.
2, 494749
What are the prime factors of 40317?
3, 89, 151
What are the prime factors of 211108?
2, 89, 593
What are the prime factors of 187719?
3, 7, 1277
What are the prime factors of 1644792?
2, 3, 19, 3607
List the prime factors of 1635498.
2, 3, 31, 977
What are the prime